e n + 1 = -0*n - m, -s = -4*n - m. What are the prime factors of n?
2
Let l = -7 - -10. List the prime factors of l/9*(20 - -1).
7
Let w = -156 + 324. What are the prime factors of w?
2, 3, 7
Suppose -5*u + u = -96. List the prime factors of u.
2, 3
Let u be (4 - 1)/(9/6). Suppose 0 = -4*m + p + 56, 3*m - 22 = m + u*p. What are the prime factors of m?
3, 5
Suppose -2*h - 2*h = 0, t - 2 = -4*h. Suppose 6*c = c + 40. Suppose -q = -t*q + c. List the prime factors of q.
2
Let y(n) = -5*n + 8. List the prime factors of y(-8).
2, 3
Let i(m) = -4*m - 2. What are the prime factors of i(-7)?
2, 13
Let j be (3/(-2))/(3/8). Let t(l) = -l**3 + 3*l**2 - l + 7. Let u be t(3). Let r = u - j. List the prime factors of r.
2
Let k(z) = z**2 - 2*z + 12. Let s be k(-10). Suppose 5*q + 15 = 0, -4*q - s = -3*i - 0*i. What are the prime factors of i?
2, 5
Let m = -319 - -547. List the prime factors of m.
2, 3, 19
Let x = -17 + 25. Suppose -f + 3 = 1. List the prime factors of f/8 - (-118)/x.
3, 5
Let r(d) = -12*d + 1. Let z be r(-7). Suppose -8*s + z = -3*s. What are the prime factors of s?
17
Suppose -2*y + q = -3*q + 2, -19 = -2*y - 3*q. Suppose y*j - 7 + 4 = z, 0 = -z - 5*j + 27. What are the prime factors of z?
2, 3
Suppose 0 = -2*s + 6 + 8. Suppose -4*c + 4*v = -s*c + 30, -2*v - 48 = -3*c. List the prime factors of c.
2, 7
Suppose 10 = 3*y + 2*y. Let f be 1 - 1/(y/(-4)). Suppose 2*m = -4*d + 18, -2*m + f*d = -4*m + 16. What are the prime factors of m?
5
Let v = 216 + -86. List the prime factors of v.
2, 5, 13
Let g be (1/(-3))/(3/(-54)). Suppose 3*r = g*r - 27. List the prime factors of r.
3
Let b = 20 + -17. Suppose 0 = w - 3*w + 4. Suppose -w*m + 17 = b*s, -19 = -3*s - 0*m - 4*m. List the prime factors of s.
5
Suppose 126 = 8*s - 178. What are the prime factors of s?
2, 19
Let w be -3*4/(-7 + 3). What are the prime factors of (288/(-15))/w*-5?
2
Let p be 20/6*(-9)/(-5). Suppose -2*l - 28 = 2*r, -p = -r + 2*l - 32. Let m = r + 27. List the prime factors of m.
3
Let g = -98 - -100. List the prime factors of g.
2
Suppose 2*o = 3*o - 7. Let m = 14 - o. Suppose 5*b = 3*l - m*l + 37, -5*l - 46 = -4*b. List the prime factors of b.
3
Suppose -6 = -2*p + 3*p. Let j(z) = -z**2 - 8*z - 2. List the prime factors of j(p).
2, 5
Let s be (0 + -1 - -1)/2. Suppose -2*k - 5*q = -57, s = 4*q - 1 - 19. What are the prime factors of k?
2
Suppose 5*n - 43 = -8. Suppose 2*p = n*p - 65. What are the prime factors of p?
13
Suppose -6*i + 2*i = -5*a - 260, 5*i = -a + 296. List the prime factors of i.
2, 3, 5
Let l(z) be the third derivative of z**5/20 - z**4/12 - z**3/3 - 4*z**2. List the prime factors of l(2).
2, 3
Let d(l) = -l**2 + l - 3. Let o be d(-4). Let m = -32 - o. Let u = 2 - m. What are the prime factors of u?
11
Let h = -1 - -1. Let v = 12 + -7. Suppose -v*w + 1 + 9 = h. What are the prime factors of w?
2
Let s be 166/(-6) + 6/9. Let z = s + 41. List the prime factors of z.
2, 7
Suppose 2*i - 3 = 9. Suppose -i*p + p = -135. Suppose 2*f + 1 = g, -3*g - 2*f + 0*f = -p. What are the prime factors of g?
7
Suppose 310 = 4*t - 4*u + 6*u, -4*t = 3*u - 307. List the prime factors of t.
79
Let p = 1 - -1. Let d be (-2)/(68/(-33) + p). Suppose -d = -5*g + 27. What are the prime factors of g?
2, 3
Suppose -5*r - 730 = -5*w, -r - 659 - 55 = -5*w. What are the prime factors of w?
2, 71
Suppose 0 = z - 3*j + 10, -3*z - j = z + 27. List the prime factors of -1*((z - -2) + 0).
5
Suppose -20 = -4*t - 4*f, -7*f + 20 = -3*f. Suppose 0 = -2*o - t - 16. List the prime factors of (28/(-16))/(2/o).
7
Suppose 7 = -x + z, 0*x + 3*z = -x + 1. Let y = x + 1. What are the prime factors of (-28)/(-2)*(-2)/y?
7
Suppose 0 = 4*f + f - 80. What are the prime factors of 92/f + (-2)/(-8)?
2, 3
Let c be 4/(-10) - (-351)/15. Suppose c - 108 = -5*i. List the prime factors of i.
17
Suppose -5*s = 2*y - 16, -2*y = 2 + 2. Suppose q - 3 = 0, -2*q = -f - 0 + s. What are the prime factors of f?
2, 5
Let h = 74 + -45. What are the prime factors of h?
29
Suppose 0*q = 3*q + 2*r - 11, 0 = -q - 3*r + 6. Suppose l = q*l - 46. List the prime factors of l.
23
Let o(a) = a + 14. What are the prime factors of o(6)?
2, 5
Let w = -4 + -1. Let m(t) = -3*t**3 + 9*t**2 + 10. Let k(h) = -7*h**3 + 19*h**2 + 21. Let r(z) = -4*k(z) + 9*m(z). List the prime factors of r(w).
2, 3
Suppose 6*o = 9*o - 99. What are the prime factors of o?
3, 11
Let h(o) = -o**3 - 15*o**2 - 3*o - 20. Let p be h(-15). Suppose -5*r = -280 + p. List the prime factors of r.
3, 17
Let p = -7 - -102. List the prime factors of p.
5, 19
Suppose 3*z = 2*z - 4*v + 17, 3*v = 4*z - 11. Let t(y) = 3*y - 1. List the prime factors of t(z).
2, 7
Suppose 4*f = -4 - 100. Let b = f - -41. What are the prime factors of b?
3, 5
Suppose 2*f - z - 77 = 0, -2*z = 5*f - 96 - 83. Suppose -j = 5*t - 4, j + t + f = 5*j. List the prime factors of (-112)/(-18) + (-2)/j.
2, 3
Let a(c) = -2*c - 7. Let b be a(-5). Suppose -h = -b*h + 8. Suppose 4*d = 2*w, 2*w = 6*w - h*d - 4. What are the prime factors of w?
2
Suppose -5 + 15 = 5*m. Suppose -5*w + m*p = -42 - 10, 37 = 4*w + 3*p. What are the prime factors of w?
2, 5
Let y = -6 - 1. Let f = 17 + y. List the prime factors of f.
2, 5
Suppose -2*w + 5*w - 3*v = 3, 19 = 3*w + v. Suppose 8 + 2 = w*d - 3*o, 3*d = -4*o + 35. Let m = 6 + d. What are the prime factors of m?
11
Let m(c) = -c**3 - 7*c**2 + 8*c. Let b be m(-8). Suppose 7*q - 3*q - 128 = b. List the prime factors of q.
2
Suppose 0*b - 72 = -3*b. What are the prime factors of b?
2, 3
List the prime factors of -2 - 61/(-5) - (-1)/(-5).
2, 5
Let g = 19 + -68. Let d = -28 - g. What are the prime factors of d?
3, 7
What are the prime factors of 8/(-20) + 1904/10?
2, 5, 19
Let x(p) = 30*p**3 + p**2 - 2*p + 1. Let c be x(1). Suppose c = 4*t + t. List the prime factors of t.
2, 3
Let x(o) = o**3 - 3*o**2 - 4*o + 6. Let y be x(5). List the prime factors of y/6 - (0 + 1).
5
Let d(z) be the first derivative of -z**3/3 - 4*z**2 - 6*z - 7. Let t = -1 - 5. What are the prime factors of d(t)?
2, 3
Let u(d) = -d**3 - 12*d**2 - 3*d - 1. What are the prime factors of u(-12)?
5, 7
Suppose -9 = -4*c - 1. Let a(h) = -1 + 6*h + h**c - 4 - 3. List the prime factors of a(-8).
2
Suppose -2*c - 2*c + 16 = 0. Suppose r - 6 = 4*j - 1, 2*r - c*j = 22. Suppose r = 2*f - 5. What are the prime factors of f?
11
Suppose -5*y - 4*t = -296, 0*y - 2*y = 2*t - 118. List the prime factors of y.
2, 3, 5
Suppose 6*s - 2*s + 21 = -5*i, 0 = -4*i - s - 8. Let w be (-2 + 0)*i/2. Suppose c = 3*k - 6 - 9, k + c = w. List the prime factors of k.
2
Suppose 13 = 2*j + 5. Let t be ((-2)/j)/(2/(-4)). What are the prime factors of t/((1/(-11))/(-1))?
11
Let i(o) = -o**3 + 3*o**2 - 2*o + 1. Let a be i(2). Let n be (8/a)/(2/1). Suppose n*u - 2*v - 24 = 0, u - 5*v - 5 = 2*u. List the prime factors of u.
5
Suppose 3*l = 3*k + 2*l - 30, -k = l - 6. What are the prime factors of k?
3
Suppose 3*l - 10 = -5*a, 0*l - 15 = -4*a - l. Suppose t - a = 2. What are the prime factors of t?
7
Let b = -51 - -119. Let w = b - 38. What are the prime factors of w?
2, 3, 5
Suppose -4*s + 167 = -5*o, 4*o = -0*o - 12. What are the prime factors of s?
2, 19
Suppose -4*d = m - 4, 3*m - 2*m - 5*d = -5. Suppose 3*u = 4*p, m*u + 5*p = u. Suppose -3*h - 4*a + 26 = u, 4*h - 28 = 3*a - 10. List the prime factors of h.
2, 3
Let s = 15 - 26. Let m(h) = h + 14. What are the prime factors of m(s)?
3
Let f(b) = -b**2 - 8*b + 5. Suppose 4 + 28 = -4*z. What are the prime factors of f(z)?
5
Suppose -3*x + 75 + 99 = 0. What are the prime factors of x?
2, 29
Suppose 0 = -p + 7*l - 2*l + 106, 4*p - 508 = -l. What are the prime factors of p?
2, 3, 7
Let v = 111 - 72. What are the prime factors of v?
3, 13
Let v be -2*3/(6/(-5)). Suppose 28 = 4*n - v*u + 3*u, -3*n + 5*u + 35 = 0. What are the prime factors of n?
5
Let v(p) = 4*p**2 - 1. Suppose -2*y - 8 = 2*y. List the prime factors of v(y).
3, 5
Let l = -3 - 3. Let v(k) = k**2 + 4*k - 5. Let j be v(l). Suppose j = -0*s + s. What are the prime factors of s?
7
Let c(f) = -f**2 - 4*f + 5. Let j be c(-5). Let i be 0 + 3 + (-4 - j). List the prime factors of (-1 - -3) + 0/i.
2
What are the prime factors of (-5)/(-1)*(1 + 0)?
5
Let m be 10/(-4)*4/(-5). Suppose 3*s + 0 = -3, -m*s = -4*a + 10. Suppose -a*i - 3*i + 15 = 0, 0 = 4*x - 2